62783.
7
Calculate the greatest common factor of 159 and 2173.
53
What is the highest common factor of 80 and 215570?
10
Calculate the highest common factor of 30728 and 184.
184
What is the highest common factor of 7 and 104286?
7
What is the greatest common factor of 341692 and 52?
52
Calculate the greatest common factor of 60 and 736140.
60
What is the highest common factor of 1525 and 2575?
25
What is the greatest common divisor of 28154 and 49?
7
What is the highest common divisor of 126 and 68754?
42
What is the greatest common divisor of 35 and 6241725?
35
What is the greatest common divisor of 1005316 and 52?
52
What is the highest common factor of 448 and 1498?
14
Calculate the greatest common factor of 264 and 2241800.
88
What is the greatest common divisor of 100888 and 64?
8
What is the highest common factor of 208890 and 27219?
633
Calculate the highest common divisor of 54 and 109323.
27
What is the greatest common factor of 21357 and 259?
7
Calculate the greatest common divisor of 244 and 1164.
4
Calculate the greatest common divisor of 411 and 30.
3
Calculate the greatest common factor of 468 and 264.
12
Calculate the highest common factor of 16600 and 3818.
166
What is the highest common divisor of 41104 and 3303?
367
Calculate the greatest common divisor of 2480457 and 28.
7
What is the greatest common factor of 418 and 1155086?
38
What is the greatest common factor of 359485 and 70?
35
Calculate the highest common factor of 133229 and 578.
289
Calculate the highest common factor of 675 and 97.
1
What is the greatest common divisor of 84 and 3242127?
21
Calculate the highest common divisor of 241956 and 13.
13
Calculate the greatest common factor of 1390 and 6.
2
Calculate the greatest common divisor of 3206 and 2681590.
458
What is the greatest common divisor of 2532222 and 2352?
294
What is the highest common divisor of 2646 and 3017763?
1323
Calculate the highest common factor of 5544 and 1764.
252
What is the highest common factor of 209 and 712063?
209
What is the highest common divisor of 54 and 18398?
2
What is the highest common factor of 34307 and 1638?
91
Calculate the greatest common divisor of 4 and 27404.
4
What is the highest common factor of 152415 and 6?
3
Calculate the greatest common factor of 126 and 91749.
21
What is the highest common divisor of 51 and 35870?
17
Calculate the greatest common divisor of 1008 and 42840.
504
Calculate the greatest common divisor of 3073536 and 192.
192
What is the greatest common divisor of 1451 and 1722337?
1451
Calculate the highest common divisor of 3254709 and 1644.
411
Calculate the highest common divisor of 85 and 1489.
1
Calculate the greatest common factor of 3488 and 109.
109
What is the highest common divisor of 2 and 5041?
1
Calculate the greatest common divisor of 60197 and 68.
17
Calculate the highest common divisor of 999 and 296.
37
What is the greatest common divisor of 21679 and 152?
19
What is the greatest common factor of 155985 and 1?
1
What is the highest common factor of 44 and 40403?
11
What is the greatest common factor of 2712 and 11074?
226
Calculate the greatest common factor of 116 and 1798.
58
What is the highest common factor of 135 and 22215?
15
Calculate the greatest common divisor of 9808 and 13486.
1226
Calculate the greatest common factor of 510 and 354.
6
What is the greatest common factor of 1008 and 75672?
72
What is the highest common factor of 55649 and 572?
11
Calculate the greatest common factor of 490864 and 32.
16
What is the highest common factor of 921625 and 73?
73
What is the greatest common divisor of 274 and 337294?
274
Calculate the greatest common divisor of 4560 and 140.
20
Calculate the greatest common factor of 2665 and 9165.
65
Calculate the greatest common divisor of 113509 and 816.
17
What is the greatest common factor of 8033389 and 559?
559
Calculate the greatest common divisor of 280 and 16460.
20
What is the highest common divisor of 589545 and 9504?
297
What is the highest common factor of 1092972 and 156?
12
Calculate the greatest common divisor of 1350151 and 33.
11
Calculate the highest common divisor of 154 and 14364.
14
What is the highest common divisor of 14911 and 217?
31
What is the greatest common factor of 205081 and 1?
1
What is the greatest common factor of 31209 and 42024?
309
Calculate the greatest common factor of 498 and 42924.
6
What is the greatest common factor of 187 and 197727?
17
Calculate the greatest common factor of 986 and 1421.
29
Calculate the greatest common factor of 6363 and 27.
9
What is the greatest common factor of 247 and 29783?
13
What is the highest common factor of 12896 and 39?
13
Calculate the greatest common factor of 40892 and 10.
2
Calculate the greatest common factor of 6984 and 252.
36
What is the highest common divisor of 15 and 1008?
3
Calculate the highest common factor of 70993 and 127.
127
What is the greatest common divisor of 243252 and 14964?
348
Calculate the highest common divisor of 647232 and 64.
64
Calculate the greatest common divisor of 120 and 153660.
60
Calculate the greatest common divisor of 1586 and 4017.
13
What is the highest common divisor of 165 and 169?
1
Calculate the highest common factor of 58 and 123308.
58
What is the greatest common divisor of 28543 and 23?
23
Calculate the greatest common divisor of 97116 and 282.
6
Calculate the greatest common divisor of 611 and 1753100.
47
What is the highest common factor of 5015031 and 57?
57
What is the greatest common factor of 158 and 12719?
79
What is the greatest common factor of 437958 and 1305?
261
Calculate the highest common factor of 565376 and 896.
896
What is the highest common factor of 20 and 101194?
2
Calculate the highest common factor of 3270 and 678.
6
Calculate the highest common factor of 5908 and 143691.
211
What is the highest common factor of 20938 and 48374?
722
What is the greatest common factor of 69978 and 107?
107
What is the greatest common divisor of 35 and 67823?
7
What is the highest common factor of 97850 and 50?
50
What is the highest common divisor of 14883 and 14036?
121
What is the highest common divisor of 72 and 1945864?
8
What is the greatest common factor of 6376 and 10?
2
Calculate the highest common factor of 366 and 109129.
61
What is the greatest common divisor of 33 and 195888?
33
Calculate the highest common factor of 110 and 675730.
110
Calculate the greatest common divisor of 1079736 and 84.
84
What is the highest common factor of 914 and 1864103?
457
Calculate the highest common factor of 2906002 and 1364.
682
What is the highest common factor of 36 and 171516?
12
What is the highest common divisor of 58 and 2226?
2
What is the highest common factor of 8769 and 24411?
237
Calculate the greatest common divisor of 185798 and 2.
2
Calculate the greatest common factor of 560 and 88816.
112
What is the highest common divisor of 11988 and 324?
324
What is the greatest common divisor of 14868 and 21?
21
Calculate the highest common divisor of 10920 and 52920.
840
Calculate the greatest common divisor of 1577 and 5491.
19
What is the highest common divisor of 30 and 34655?
5
What is the greatest common divisor of 59775 and 15?
15
What is the greatest common divisor of 1673 and 4063?
239
Calculate the greatest common divisor of 477774 and 1056.
66
Calculate the highest common factor of 1552608 and 128.
32
Calculate the greatest common factor of 12264 and 42.
42
Calculate the greatest common divisor of 7448 and 168.
56
What is the highest common divisor of 1539 and 125913?
57
What is the highest common divisor of 16510 and 44330?
130
What is the greatest common factor of 38472 and 1064?
56
What is the greatest common divisor of 1361280 and 80?
80
Calculate the highest common factor of 954 and 140026.
106
What is the highest common divisor of 12 and 735648?
12
What is the highest common factor of 249 and 93043?
83
Calculate the greatest common divisor of 27494 and 826.
118
What is the highest common divisor of 13770 and 9010?
170
Calculate the greatest common factor of 3680 and 304240.
80
What is the greatest common divisor of 16 and 5750176?
16
Calculate the greatest common divisor of 3561 and 9.
3
What is the highest common factor of 1 and 3767?
1
Calcu